{"id":1633,"date":"2022-10-09T21:02:50","date_gmt":"2022-10-09T19:02:50","guid":{"rendered":"https:\/\/songesdevigne.com\/?page_id=1633"},"modified":"2022-10-25T22:07:59","modified_gmt":"2022-10-25T20:07:59","slug":"nous-trouver","status":"publish","type":"page","link":"https:\/\/songesdevigne.com\/index.php\/nous-trouver\/","title":{"rendered":"Nous trouver"},"content":{"rendered":"\n<p class=\"has-text-align-center has-theme-palette-1-color has-text-color has-medium-font-size\"><strong>O\u00f9 nous trouver?<\/strong><\/p>\n\n\n<style>#kt-layout-id_223a82-dc > .kt-row-column-wrap{align-content:start;}:where(#kt-layout-id_223a82-dc > .kt-row-column-wrap) > .wp-block-kadence-column{justify-content:start;}#kt-layout-id_223a82-dc > .kt-row-column-wrap{column-gap:var(--global-kb-gap-md, 2rem);row-gap:var(--global-kb-gap-md, 2rem);padding-top:var( --global-kb-row-default-top, 25px );padding-bottom:var( --global-kb-row-default-bottom, 25px );padding-top:0px;padding-bottom:15px;grid-template-columns:minmax(0, calc(30% - ((var(--global-kb-gap-md, 2rem) * 2 )\/3)))minmax(0, calc(60% - ((var(--global-kb-gap-md, 2rem) * 2 )\/3)))minmax(0, calc(10% - ((var(--global-kb-gap-md, 2rem) * 2 )\/3)));}#kt-layout-id_223a82-dc > .kt-row-layout-overlay{opacity:0.30;}@media all and (max-width: 1024px){#kt-layout-id_223a82-dc > .kt-row-column-wrap > div:not(.added-for-specificity){grid-column:initial;}}@media all and (max-width: 1024px){#kt-layout-id_223a82-dc > .kt-row-column-wrap{grid-template-columns:minmax(0, 1fr) minmax(0, 2fr) minmax(0, 1fr);}}@media all and (max-width: 767px){#kt-layout-id_223a82-dc > .kt-row-column-wrap > div:not(.added-for-specificity){grid-column:initial;}#kt-layout-id_223a82-dc > .kt-row-column-wrap{grid-template-columns:minmax(0, 1fr);}}<\/style>\n<div class=\"wp-block-kadence-rowlayout alignnone\"><div id=\"kt-layout-id_223a82-dc\" class=\"kt-row-layout-inner kt-layout-id_223a82-dc\"><div class=\"kt-row-column-wrap kt-has-3-columns kt-gutter-default kt-v-gutter-default kt-row-valign-top kt-row-layout-center-half kt-tab-layout-inherit kt-m-colapse-left-to-right kt-mobile-layout-row  kt-custom-first-width-30  kt-custom-second-width-60  kt-custom-third-width-10\"><style>.kadence-column_043c79-5b > .kt-inside-inner-col{border-top-width:0px;border-right-width:0px;border-bottom-width:0px;border-left-width:0px;}.kadence-column_043c79-5b > .kt-inside-inner-col,.kadence-column_043c79-5b > .kt-inside-inner-col:before{border-top-left-radius:0px;border-top-right-radius:0px;border-bottom-right-radius:0px;border-bottom-left-radius:0px;}.kadence-column_043c79-5b > .kt-inside-inner-col{column-gap:var(--global-kb-gap-sm, 1rem);}.kadence-column_043c79-5b > .kt-inside-inner-col{flex-direction:column;}.kadence-column_043c79-5b > .kt-inside-inner-col > .aligncenter{width:100%;}.kadence-column_043c79-5b > .kt-inside-inner-col:before{opacity:0.3;}.kadence-column_043c79-5b{position:relative;}@media all and (max-width: 1024px){.kadence-column_043c79-5b > .kt-inside-inner-col{flex-direction:column;}}@media all and (max-width: 767px){.kadence-column_043c79-5b > .kt-inside-inner-col{flex-direction:column;}}<\/style>\n<div class=\"wp-block-kadence-column inner-column-1 kadence-column_043c79-5b\"><div class=\"kt-inside-inner-col\"><style>.wp-block-kadence-column.kb-section-dir-horizontal > .kt-inside-inner-col > #kt-info-box_aafaa9-9c .kt-blocks-info-box-link-wrap{max-width:unset;}#kt-info-box_aafaa9-9c .kt-blocks-info-box-link-wrap{background:rgba(242, 242, 242, 0);padding-top:var(--global-kb-spacing-xs, 1rem);padding-right:var(--global-kb-spacing-xs, 1rem);padding-bottom:var(--global-kb-spacing-xs, 1rem);padding-left:var(--global-kb-spacing-xs, 1rem);}#kt-info-box_aafaa9-9c .kadence-info-box-icon-container .kt-info-svg-icon, #kt-info-box_aafaa9-9c .kt-info-svg-icon-flip, #kt-info-box_aafaa9-9c .kt-blocks-info-box-number{font-size:20px;}#kt-info-box_aafaa9-9c .kt-blocks-info-box-media{color:var(--global-palette9, #ffffff);background:var(--global-palette1, #3182CE);border-color:#444444;border-radius:10px;overflow:hidden;border-top-width:0px;border-right-width:0px;border-bottom-width:0px;border-left-width:0px;padding-top:10px;padding-right:15px;padding-bottom:10px;padding-left:15px;}#kt-info-box_aafaa9-9c .kt-blocks-info-box-media-container{margin-top:0px;margin-right:15px;margin-bottom:15px;margin-left:15px;}#kt-info-box_aafaa9-9c .kt-blocks-info-box-media .kadence-info-box-image-intrisic img{border-radius:10px;}#kt-info-box_aafaa9-9c .kt-blocks-info-box-link-wrap:hover .kt-blocks-info-box-media{color:var(--global-palette9, #ffffff);background:var(--global-palette1, #3182CE);border-color:#444444;}#kt-info-box_aafaa9-9c .kt-infobox-textcontent h6.kt-blocks-info-box-title{color:var(--global-palette3, #1A202C);font-size:20px;text-transform:none;padding-top:0px;padding-right:0px;padding-bottom:0px;padding-left:0px;margin-top:5px;margin-right:0px;margin-bottom:10px;margin-left:0px;}#kt-info-box_aafaa9-9c .kt-infobox-textcontent .kt-blocks-info-box-text{color:var(--global-palette4, #2D3748);}.wp-block-kadence-infobox#kt-info-box_aafaa9-9c .kt-blocks-info-box-text{font-size:16px;text-transform:none;}#kt-info-box_aafaa9-9c .kt-blocks-info-box-learnmore{background:transparent;border-width:0px 0px 0px 0px;padding-top:4px;padding-right:8px;padding-bottom:4px;padding-left:8px;margin-top:10px;margin-right:0px;margin-bottom:10px;margin-left:0px;}<\/style>\n<div id=\"kt-info-box_aafaa9-9c\" class=\"wp-block-kadence-infobox\"><a class=\"kt-blocks-info-box-link-wrap info-box-link kt-blocks-info-box-media-align-top kt-info-halign-center\"><div class=\"kt-blocks-info-box-media-container\"><div class=\"kt-blocks-info-box-media kt-info-media-animate-none\"><div class=\"kadence-info-box-icon-container kt-info-icon-animate-none\"><div class=\"kadence-info-box-icon-inner-container\"><span style=\"display:block;justify-content:center;align-items:center\" class=\"kt-info-svg-icon kt-info-svg-icon-fe_map\"><svg style=\"display:inline-block;vertical-align:middle\" viewBox=\"0 0 24 24\" height=\"20\" width=\"20\" fill=\"none\" stroke=\"currentColor\" xmlns=\"http:\/\/www.w3.org\/2000\/svg\" stroke-width=\"2\" stroke-linecap=\"round\" stroke-linejoin=\"round\" aria-hidden=\"true\"><polygon points=\"1 6 1 22 8 18 16 22 23 18 23 2 16 6 8 2 1 6\"><\/polygon><line x1=\"8\" y1=\"2\" x2=\"8\" y2=\"18\"><\/line><line x1=\"16\" y1=\"6\" x2=\"16\" y2=\"22\"><\/line><\/svg><\/span><\/div><\/div><\/div><\/div><div class=\"kt-infobox-textcontent\"><h6 class=\"kt-blocks-info-box-title\"><\/h6><p class=\"kt-blocks-info-box-text\"><br\/><strong>POINT GPS<\/strong><br\/> Nos coordonn\u00e9es\u00a0: <br\/>Songes de Vigne Bagnols<br\/><\/p><\/div><\/a><\/div>\n<\/div><\/div>\n\n\n<style>.kadence-column_8bdbcd-32 > .kt-inside-inner-col{border-top-width:0px;border-right-width:0px;border-bottom-width:0px;border-left-width:0px;}.kadence-column_8bdbcd-32 > .kt-inside-inner-col,.kadence-column_8bdbcd-32 > .kt-inside-inner-col:before{border-top-left-radius:0px;border-top-right-radius:0px;border-bottom-right-radius:0px;border-bottom-left-radius:0px;}.kadence-column_8bdbcd-32 > .kt-inside-inner-col{column-gap:var(--global-kb-gap-sm, 1rem);}.kadence-column_8bdbcd-32 > .kt-inside-inner-col{flex-direction:column;}.kadence-column_8bdbcd-32 > .kt-inside-inner-col > .aligncenter{width:100%;}.kadence-column_8bdbcd-32 > .kt-inside-inner-col:before{opacity:0.3;}.kadence-column_8bdbcd-32{position:relative;}@media all and (max-width: 1024px){.kadence-column_8bdbcd-32 > .kt-inside-inner-col{flex-direction:column;}}@media all and (max-width: 767px){.kadence-column_8bdbcd-32 > .kt-inside-inner-col{flex-direction:column;}}<\/style>\n<div class=\"wp-block-kadence-column inner-column-2 kadence-column_8bdbcd-32\"><div class=\"kt-inside-inner-col\"><style>.kb-google-maps-container_fa8d0c-e9{height:450px;}<\/style>\n<div class=\"kb-google-maps-container kb-google-maps-container_fa8d0c-e9\" data-mapid=\"_fa8d0c-e9\"><iframe width=\"100%\" height=\"100%\" style=\"border:0\" loading=\"lazy\" src=\"https:\/\/www.google.com\/maps\/embed\/v1\/place?key=AIzaSyBAM2o7PiQqwk15LC1XRH2e_KJ-jUa7KYk&amp;zoom=11&amp;maptype=roadmap&amp;q=Songes%20de%20vigne\"><\/iframe><\/div>\n<script>function kb_google_map_fa8d0ce9() { let center = { lat: 37.8201, lng: -122.4781}; let map = new google.maps.Map(document.getElementById(\"kb-google-map_fa8d0ce9\"), {\n\t\t\t\t\t    zoom: 11,\n\t\t\t\t\t    center: center,});let marker = new google.maps.Marker({   position: { lat: 37.8201, lng: -122.4781},    map: map,  });}<\/script><\/div><\/div>\n\n\n<style>.kadence-column_e1cd6e-e1 > .kt-inside-inner-col{border-top-width:0px;border-right-width:0px;border-bottom-width:0px;border-left-width:0px;}.kadence-column_e1cd6e-e1 > .kt-inside-inner-col,.kadence-column_e1cd6e-e1 > .kt-inside-inner-col:before{border-top-left-radius:0px;border-top-right-radius:0px;border-bottom-right-radius:0px;border-bottom-left-radius:0px;}.kadence-column_e1cd6e-e1 > .kt-inside-inner-col{column-gap:var(--global-kb-gap-sm, 1rem);}.kadence-column_e1cd6e-e1 > .kt-inside-inner-col{flex-direction:column;}.kadence-column_e1cd6e-e1 > .kt-inside-inner-col > .aligncenter{width:100%;}.kadence-column_e1cd6e-e1 > .kt-inside-inner-col:before{opacity:0.3;}.kadence-column_e1cd6e-e1{position:relative;}@media all and (max-width: 1024px){.kadence-column_e1cd6e-e1 > .kt-inside-inner-col{flex-direction:column;}}@media all and (max-width: 767px){.kadence-column_e1cd6e-e1 > .kt-inside-inner-col{flex-direction:column;}}<\/style>\n<div class=\"wp-block-kadence-column inner-column-3 kadence-column_e1cd6e-e1\"><div class=\"kt-inside-inner-col\"><\/div><\/div>\n<\/div><\/div><\/div>\n\n\n<style>#kt-layout-id_b2cdd3-71 > .kt-row-column-wrap{align-content:start;}:where(#kt-layout-id_b2cdd3-71 > .kt-row-column-wrap) > .wp-block-kadence-column{justify-content:start;}#kt-layout-id_b2cdd3-71 > .kt-row-column-wrap{column-gap:var(--global-kb-gap-md, 2rem);row-gap:var(--global-kb-gap-md, 2rem);max-width:var( --global-content-width, 1290px );padding-left:var(--global-content-edge-padding);padding-right:var(--global-content-edge-padding);padding-top:var( --global-kb-row-default-top, 25px );padding-bottom:var( --global-kb-row-default-bottom, 25px );padding-top:0px;padding-bottom:51px;grid-template-columns:minmax(0, calc(50% - ((var(--global-kb-gap-md, 2rem) * 1 )\/2)))minmax(0, calc(50% - ((var(--global-kb-gap-md, 2rem) * 1 )\/2)));}#kt-layout-id_b2cdd3-71 > .kt-row-layout-overlay{opacity:0.30;}@media all and (max-width: 1024px){#kt-layout-id_b2cdd3-71 > .kt-row-column-wrap{grid-template-columns:minmax(0, 1fr) minmax(0, 2fr);}}@media all and (max-width: 767px){#kt-layout-id_b2cdd3-71 > .kt-row-column-wrap{grid-template-columns:minmax(0, 1fr);}}<\/style>\n<div class=\"wp-block-kadence-rowlayout alignnone\"><div id=\"kt-layout-id_b2cdd3-71\" class=\"kt-row-layout-inner kt-layout-id_b2cdd3-71\"><div class=\"kt-row-column-wrap kt-has-2-columns kt-gutter-default kt-v-gutter-default kt-row-valign-top kt-row-layout-right-golden kt-tab-layout-inherit kt-m-colapse-left-to-right kt-mobile-layout-row  kt-custom-first-width-50  kt-custom-second-width-50 kb-theme-content-width\"><style>.kadence-column_067a72-52 > .kt-inside-inner-col{border-top-width:0px;border-right-width:0px;border-bottom-width:0px;border-left-width:0px;}.kadence-column_067a72-52 > .kt-inside-inner-col,.kadence-column_067a72-52 > .kt-inside-inner-col:before{border-top-left-radius:0px;border-top-right-radius:0px;border-bottom-right-radius:0px;border-bottom-left-radius:0px;}.kadence-column_067a72-52 > .kt-inside-inner-col{column-gap:var(--global-kb-gap-sm, 1rem);}.kadence-column_067a72-52 > .kt-inside-inner-col{flex-direction:column;}.kadence-column_067a72-52 > .kt-inside-inner-col > .aligncenter{width:100%;}.kadence-column_067a72-52 > .kt-inside-inner-col:before{opacity:0.3;}.kadence-column_067a72-52{position:relative;}@media all and (max-width: 1024px){.kadence-column_067a72-52 > .kt-inside-inner-col{flex-direction:column;}}@media all and (max-width: 767px){.kadence-column_067a72-52 > .kt-inside-inner-col{flex-direction:column;}}<\/style>\n<div class=\"wp-block-kadence-column inner-column-1 kadence-column_067a72-52\"><div class=\"kt-inside-inner-col\"><style>.kt-svg-icons_f9198d-0c .kt-svg-item-0 .kb-svg-icon-wrap{color:var(--global-palette1, #3182CE);font-size:40px;}.wp-block-kadence-icon.kt-svg-icons_f9198d-0c{justify-content:center;}<\/style>\n<div class=\"wp-block-kadence-icon kt-svg-icons kt-svg-icons_f9198d-0c alignleft\" style=\"text-align:center\"><div class=\"kt-svg-style-default kt-svg-icon-wrap kt-svg-item-0\"><div style=\"display:inline-flex;justify-content:center;align-items:center;color:var(--global-palette1)\" class=\"kt-svg-icon kt-svg-icon-fas_car\"><svg style=\"display:inline-block;vertical-align:middle\" viewBox=\"0 0 512 512\" height=\"40\" width=\"40\" fill=\"currentColor\" xmlns=\"http:\/\/www.w3.org\/2000\/svg\" aria-hidden=\"true\"><path d=\"M499.99 176h-59.87l-16.64-41.6C406.38 91.63 365.57 64 319.5 64h-127c-46.06 0-86.88 27.63-103.99 70.4L71.87 176H12.01C4.2 176-1.53 183.34.37 190.91l6 24C7.7 220.25 12.5 224 18.01 224h20.07C24.65 235.73 16 252.78 16 272v48c0 16.12 6.16 30.67 16 41.93V416c0 17.67 14.33 32 32 32h32c17.67 0 32-14.33 32-32v-32h256v32c0 17.67 14.33 32 32 32h32c17.67 0 32-14.33 32-32v-54.07c9.84-11.25 16-25.8 16-41.93v-48c0-19.22-8.65-36.27-22.07-48H494c5.51 0 10.31-3.75 11.64-9.09l6-24c1.89-7.57-3.84-14.91-11.65-14.91zm-352.06-17.83c7.29-18.22 24.94-30.17 44.57-30.17h127c19.63 0 37.28 11.95 44.57 30.17L384 208H128l19.93-49.83zM96 319.8c-19.2 0-32-12.76-32-31.9S76.8 256 96 256s48 28.71 48 47.85-28.8 15.95-48 15.95zm320 0c-19.2 0-48 3.19-48-15.95S396.8 256 416 256s32 12.76 32 31.9-12.8 31.9-32 31.9z\"><\/path><\/svg><\/div><\/div><\/div>\n\n\n\n<div class=\"wp-block-columns is-layout-flex wp-container-core-columns-is-layout-9d6595d7 wp-block-columns-is-layout-flex\">\n<div class=\"wp-block-column is-layout-flow wp-block-column-is-layout-flow\" style=\"flex-basis:100%\">\n<ul class=\"wp-block-list\"><li>15 minutes de Villefranche<\/li><li>30 minutes de Lyon<\/li><li>A6, \u00e0 15 minutes<\/li><\/ul>\n<\/div>\n<\/div>\n<\/div><\/div>\n\n\n<style>.kadence-column_f34ca3-d6 > .kt-inside-inner-col{border-top-width:0px;border-right-width:0px;border-bottom-width:0px;border-left-width:0px;}.kadence-column_f34ca3-d6 > .kt-inside-inner-col,.kadence-column_f34ca3-d6 > .kt-inside-inner-col:before{border-top-left-radius:0px;border-top-right-radius:0px;border-bottom-right-radius:0px;border-bottom-left-radius:0px;}.kadence-column_f34ca3-d6 > .kt-inside-inner-col{column-gap:var(--global-kb-gap-sm, 1rem);}.kadence-column_f34ca3-d6 > .kt-inside-inner-col{flex-direction:column;}.kadence-column_f34ca3-d6 > .kt-inside-inner-col > .aligncenter{width:100%;}.kadence-column_f34ca3-d6 > .kt-inside-inner-col:before{opacity:0.3;}.kadence-column_f34ca3-d6{position:relative;}@media all and (max-width: 1024px){.kadence-column_f34ca3-d6 > .kt-inside-inner-col{flex-direction:column;}}@media all and (max-width: 767px){.kadence-column_f34ca3-d6 > .kt-inside-inner-col{flex-direction:column;}}<\/style>\n<div class=\"wp-block-kadence-column inner-column-2 kadence-column_f34ca3-d6\"><div class=\"kt-inside-inner-col\"><style>.kt-svg-icons_544cc1-92 .kt-svg-item-0 .kb-svg-icon-wrap{color:var(--global-palette1, #3182CE);font-size:50px;}.wp-block-kadence-icon.kt-svg-icons_544cc1-92{justify-content:center;}<\/style>\n<div class=\"wp-block-kadence-icon kt-svg-icons kt-svg-icons_544cc1-92 alignleft\" style=\"text-align:center\"><div class=\"kt-svg-style-default kt-svg-icon-wrap kt-svg-item-0\"><div style=\"display:inline-flex;justify-content:center;align-items:center;color:var(--global-palette1)\" class=\"kt-svg-icon kt-svg-icon-fas_plane\"><svg style=\"display:inline-block;vertical-align:middle\" viewBox=\"0 0 576 512\" height=\"50\" width=\"50\" fill=\"currentColor\" xmlns=\"http:\/\/www.w3.org\/2000\/svg\" aria-hidden=\"true\"><path d=\"M480 192H365.71L260.61 8.06A16.014 16.014 0 0 0 246.71 0h-65.5c-10.63 0-18.3 10.17-15.38 20.39L214.86 192H112l-43.2-57.6c-3.02-4.03-7.77-6.4-12.8-6.4H16.01C5.6 128-2.04 137.78.49 147.88L32 256 .49 364.12C-2.04 374.22 5.6 384 16.01 384H56c5.04 0 9.78-2.37 12.8-6.4L112 320h102.86l-49.03 171.6c-2.92 10.22 4.75 20.4 15.38 20.4h65.5c5.74 0 11.04-3.08 13.89-8.06L365.71 320H480c35.35 0 96-28.65 96-64s-60.65-64-96-64z\"><\/path><\/svg><\/div><\/div><\/div>\n\n\n\n<div class=\"wp-block-columns is-layout-flex wp-container-core-columns-is-layout-9d6595d7 wp-block-columns-is-layout-flex\">\n<div class=\"wp-block-column is-layout-flow wp-block-column-is-layout-flow\" style=\"flex-basis:100%\">\n<ul class=\"wp-block-list\"><li>A\u00e9roport de Saint Exupery (Lyon) <\/li><li>45 min de voiture, accessible en transports en commun<\/li><\/ul>\n<\/div>\n<\/div>\n<\/div><\/div>\n<\/div><\/div><\/div>\n\n\n\n<p>  \n\n<\/p>\n","protected":false},"excerpt":{"rendered":"<p>O\u00f9 nous trouver? 15 minutes de Villefranche 30 minutes de Lyon A6, \u00e0 15 minutes A\u00e9roport de Saint Exupery (Lyon) 45 min de voiture, accessible en transports en commun<\/p>\n","protected":false},"author":3,"featured_media":0,"parent":0,"menu_order":0,"comment_status":"closed","ping_status":"closed","template":"","meta":{"_kad_post_transparent":"","_kad_post_title":"","_kad_post_layout":"","_kad_post_sidebar_id":"","_kad_post_content_style":"","_kad_post_vertical_padding":"","_kad_post_feature":"","_kad_post_feature_position":"","_kad_post_header":false,"_kad_post_footer":false,"footnotes":""},"class_list":["post-1633","page","type-page","status-publish","hentry"],"_links":{"self":[{"href":"https:\/\/songesdevigne.com\/index.php\/wp-json\/wp\/v2\/pages\/1633","targetHints":{"allow":["GET"]}}],"collection":[{"href":"https:\/\/songesdevigne.com\/index.php\/wp-json\/wp\/v2\/pages"}],"about":[{"href":"https:\/\/songesdevigne.com\/index.php\/wp-json\/wp\/v2\/types\/page"}],"author":[{"embeddable":true,"href":"https:\/\/songesdevigne.com\/index.php\/wp-json\/wp\/v2\/users\/3"}],"replies":[{"embeddable":true,"href":"https:\/\/songesdevigne.com\/index.php\/wp-json\/wp\/v2\/comments?post=1633"}],"version-history":[{"count":0,"href":"https:\/\/songesdevigne.com\/index.php\/wp-json\/wp\/v2\/pages\/1633\/revisions"}],"wp:attachment":[{"href":"https:\/\/songesdevigne.com\/index.php\/wp-json\/wp\/v2\/media?parent=1633"}],"curies":[{"name":"wp","href":"https:\/\/api.w.org\/{rel}","templated":true}]}}