{"id":27,"date":"2022-09-28T15:49:01","date_gmt":"2022-09-28T13:49:01","guid":{"rendered":"https:\/\/songesdevigne.com\/?page_id=27"},"modified":"2025-04-23T16:55:42","modified_gmt":"2025-04-23T14:55:42","slug":"nuit-automne","status":"publish","type":"page","link":"https:\/\/songesdevigne.com\/index.php\/nuit-automne\/","title":{"rendered":"Songe de nuit d&rsquo;automne"},"content":{"rendered":"\n<p class=\"has-theme-palette-8-background-color has-text-color has-background\" style=\"color:#405d8a;font-size:22px\"><strong>La chambre Songe de nuit d&rsquo;automne<\/strong><\/p>\n\n\n<style>.kb-row-layout-id27_72a79f-98 > .kt-row-column-wrap{align-content:start;}:where(.kb-row-layout-id27_72a79f-98 > .kt-row-column-wrap) > .wp-block-kadence-column{justify-content:start;}.kb-row-layout-id27_72a79f-98 > .kt-row-column-wrap{column-gap:var(--global-kb-gap-md, 2rem);row-gap:var(--global-kb-gap-md, 2rem);max-width:var( --global-content-width, 1290px );padding-left:var(--global-content-edge-padding);padding-right:var(--global-content-edge-padding);padding-top:var(--global-kb-spacing-sm, 1.5rem);padding-bottom:var(--global-kb-spacing-sm, 1.5rem);grid-template-columns:minmax(0, calc(10% - ((var(--global-kb-gap-md, 2rem) * 2 )\/3)))minmax(0, calc(80% - ((var(--global-kb-gap-md, 2rem) * 2 )\/3)))minmax(0, calc(10% - ((var(--global-kb-gap-md, 2rem) * 2 )\/3)));}.kb-row-layout-id27_72a79f-98 > .kt-row-layout-overlay{opacity:0.30;}@media all and (max-width: 1024px){.kb-row-layout-id27_72a79f-98 > .kt-row-column-wrap > div:not(.added-for-specificity){grid-column:initial;}}@media all and (max-width: 1024px){.kb-row-layout-id27_72a79f-98 > .kt-row-column-wrap{grid-template-columns:repeat(3, minmax(0, 1fr));}}@media all and (max-width: 767px){.kb-row-layout-id27_72a79f-98 > .kt-row-column-wrap > div:not(.added-for-specificity){grid-column:initial;}.kb-row-layout-id27_72a79f-98 > .kt-row-column-wrap{grid-template-columns:minmax(0, 1fr);}}<\/style><div class=\"kb-row-layout-wrap kb-row-layout-id27_72a79f-98 alignnone wp-block-kadence-rowlayout\"><div class=\"kt-row-column-wrap kt-has-3-columns kt-row-layout-equal kt-tab-layout-inherit kt-mobile-layout-row kt-row-valign-top kb-theme-content-width\">\n<style>.kadence-column27_b4cb20-5b > .kt-inside-inner-col,.kadence-column27_b4cb20-5b > .kt-inside-inner-col:before{border-top-left-radius:0px;border-top-right-radius:0px;border-bottom-right-radius:0px;border-bottom-left-radius:0px;}.kadence-column27_b4cb20-5b > .kt-inside-inner-col{column-gap:var(--global-kb-gap-sm, 1rem);}.kadence-column27_b4cb20-5b > .kt-inside-inner-col{flex-direction:column;}.kadence-column27_b4cb20-5b > .kt-inside-inner-col > .aligncenter{width:100%;}.kadence-column27_b4cb20-5b > .kt-inside-inner-col:before{opacity:0.3;}.kadence-column27_b4cb20-5b{position:relative;}@media all and (max-width: 1024px){.kadence-column27_b4cb20-5b > .kt-inside-inner-col{flex-direction:column;}}@media all and (max-width: 767px){.kadence-column27_b4cb20-5b > .kt-inside-inner-col{flex-direction:column;}}<\/style>\n<div class=\"wp-block-kadence-column kadence-column27_b4cb20-5b inner-column-1\"><div class=\"kt-inside-inner-col\"><\/div><\/div>\n\n\n<style>.kadence-column27_866a84-64 > .kt-inside-inner-col,.kadence-column27_866a84-64 > .kt-inside-inner-col:before{border-top-left-radius:0px;border-top-right-radius:0px;border-bottom-right-radius:0px;border-bottom-left-radius:0px;}.kadence-column27_866a84-64 > .kt-inside-inner-col{column-gap:var(--global-kb-gap-sm, 1rem);}.kadence-column27_866a84-64 > .kt-inside-inner-col{flex-direction:column;}.kadence-column27_866a84-64 > .kt-inside-inner-col > .aligncenter{width:100%;}.kadence-column27_866a84-64 > .kt-inside-inner-col:before{opacity:0.3;}.kadence-column27_866a84-64{position:relative;}@media all and (max-width: 1024px){.kadence-column27_866a84-64 > .kt-inside-inner-col{flex-direction:column;}}@media all and (max-width: 767px){.kadence-column27_866a84-64 > .kt-inside-inner-col{flex-direction:column;}}<\/style>\n<div class=\"wp-block-kadence-column kadence-column27_866a84-64 inner-column-2\"><div class=\"kt-inside-inner-col\"><style>.kb-image27_a2e5f3-df .kb-image-has-overlay:after{opacity:0.3;}<\/style>\n<div class=\"wp-block-kadence-image kb-image27_a2e5f3-df\"><figure class=\"aligncenter size-medium_large\"><img loading=\"lazy\" decoding=\"async\" width=\"768\" height=\"511\" src=\"https:\/\/songesdevigne.com\/wp-content\/uploads\/2023\/06\/chambre_automne_ar-768x511.jpg\" alt=\"\" class=\"kb-img wp-image-2201\" srcset=\"https:\/\/songesdevigne.com\/wp-content\/uploads\/2023\/06\/chambre_automne_ar-768x511.jpg 768w, https:\/\/songesdevigne.com\/wp-content\/uploads\/2023\/06\/chambre_automne_ar-300x200.jpg 300w, https:\/\/songesdevigne.com\/wp-content\/uploads\/2023\/06\/chambre_automne_ar.jpg 1024w\" sizes=\"auto, (max-width: 768px) 100vw, 768px\" \/><figcaption>Chambre Nuit d&rsquo;auomne<\/figcaption><\/figure><\/div>\n<\/div><\/div>\n\n\n<style>.kadence-column27_a8bf9e-ea > .kt-inside-inner-col,.kadence-column27_a8bf9e-ea > .kt-inside-inner-col:before{border-top-left-radius:0px;border-top-right-radius:0px;border-bottom-right-radius:0px;border-bottom-left-radius:0px;}.kadence-column27_a8bf9e-ea > .kt-inside-inner-col{column-gap:var(--global-kb-gap-sm, 1rem);}.kadence-column27_a8bf9e-ea > .kt-inside-inner-col{flex-direction:column;}.kadence-column27_a8bf9e-ea > .kt-inside-inner-col > .aligncenter{width:100%;}.kadence-column27_a8bf9e-ea > .kt-inside-inner-col:before{opacity:0.3;}.kadence-column27_a8bf9e-ea{position:relative;}@media all and (max-width: 1024px){.kadence-column27_a8bf9e-ea > .kt-inside-inner-col{flex-direction:column;}}@media all and (max-width: 767px){.kadence-column27_a8bf9e-ea > .kt-inside-inner-col{flex-direction:column;}}<\/style>\n<div class=\"wp-block-kadence-column kadence-column27_a8bf9e-ea inner-column-3\"><div class=\"kt-inside-inner-col\"><\/div><\/div>\n\n<\/div><\/div>\n\n\n<p class=\"has-text-align-center has-theme-palette-5-color has-text-color\">Chambre de 30 m\u00b2, tr\u00e8s calme dans un \u00e9crin de bois au rez de chauss\u00e9e avec vue sur cour et beaucoup de charme. Elle a \u00e9t\u00e9 pens\u00e9e dans un esprit de cocon de bois protecteur. Sa moquette au sol accentue le c\u00f4t\u00e9 chaleureux de cette chambre.<\/p>\n\n\n\n<p class=\"has-text-align-center has-theme-palette-5-color has-text-color\">Elle dispose d\u2019un <strong>grand lit<\/strong> (180 x 200)&nbsp;et de la climatisation.<\/p>\n\n\n\n<p class=\"has-text-align-center\">La salle d\u2019eau ouverte pr\u00e9sente <strong>une grande douche italienne<\/strong> avec deux mitigeurs pour exp\u00e9rimenter une douche face \u00e0 face&nbsp;\ud83d\ude09 et des toilettes s\u00e9par\u00e9es.<\/p>\n\n\n<style>.kb-row-layout-id27_45e103-1e > .kt-row-column-wrap{align-content:start;}:where(.kb-row-layout-id27_45e103-1e > .kt-row-column-wrap) > .wp-block-kadence-column{justify-content:start;}.kb-row-layout-id27_45e103-1e > .kt-row-column-wrap{column-gap:var(--global-kb-gap-md, 2rem);row-gap:var(--global-kb-gap-md, 2rem);max-width:var( --global-content-width, 1290px );padding-left:var(--global-content-edge-padding);padding-right:var(--global-content-edge-padding);padding-top:55px;padding-bottom:81px;grid-template-columns:minmax(0, 1fr);}.kb-row-layout-id27_45e103-1e > .kt-row-layout-overlay{opacity:0.30;}.kb-row-layout-id27_45e103-1e .kt-row-layout-bottom-sep{height:100px;}.kb-row-layout-id27_45e103-1e .kt-row-layout-bottom-sep svg{width:100%;}.kb-row-layout-id27_45e103-1e .kt-row-layout-bottom-sep svg{fill:#ffffff!important;}@media all and (max-width: 1024px){.kb-row-layout-id27_45e103-1e > .kt-row-column-wrap{grid-template-columns:minmax(0, 1fr);}}@media all and (max-width: 1024px){.kb-row-layout-id27_45e103-1e .kt-row-layout-bottom-sep{height:px;}}@media all and (max-width: 1024px){.kb-row-layout-id27_45e103-1e .kt-row-layout-bottom-sep svg{width:%;}}@media all and (max-width: 767px){.kb-row-layout-id27_45e103-1e > .kt-row-column-wrap{grid-template-columns:minmax(0, 1fr);}.kb-row-layout-id27_45e103-1e .kt-row-layout-bottom-sep{height:px;}.kb-row-layout-id27_45e103-1e .kt-row-layout-bottom-sep svg{width:%;}}<\/style><div class=\"kb-row-layout-wrap kb-row-layout-id27_45e103-1e alignnone has-theme-palette9-background-color kt-row-has-bg wp-block-kadence-rowlayout\"><div class=\"kt-row-column-wrap kt-has-1-columns kt-row-layout-equal kt-tab-layout-inherit kt-mobile-layout-row kt-row-valign-top kb-theme-content-width\">\n<style>.kadence-column27_457959-95 > .kt-inside-inner-col,.kadence-column27_457959-95 > .kt-inside-inner-col:before{border-top-left-radius:0px;border-top-right-radius:0px;border-bottom-right-radius:0px;border-bottom-left-radius:0px;}.kadence-column27_457959-95 > .kt-inside-inner-col{column-gap:var(--global-kb-gap-sm, 1rem);}.kadence-column27_457959-95 > .kt-inside-inner-col{flex-direction:column;}.kadence-column27_457959-95 > .kt-inside-inner-col > .aligncenter{width:100%;}.kadence-column27_457959-95 > .kt-inside-inner-col:before{opacity:0.3;}.kadence-column27_457959-95{position:relative;}@media all and (max-width: 1024px){.kadence-column27_457959-95 > .kt-inside-inner-col{flex-direction:column;}}@media all and (max-width: 767px){.kadence-column27_457959-95 > .kt-inside-inner-col{flex-direction:column;}}<\/style>\n<div class=\"wp-block-kadence-column kadence-column27_457959-95 inner-column-1\"><div class=\"kt-inside-inner-col\"><style>.wp-block-kadence-advancedgallery.kb-gallery-wrap-id-27_3c605d-80{margin-top:-49px;margin-right:-49px;margin-bottom:-49px;margin-left:-49px;}.kb-gallery-id-27_3c605d-80.kb-gallery-ul.kb-gallery-type-fluidcarousel .kt-blocks-carousel figure .kb-gal-image-radius, .kb-gallery-id-27_3c605d-80.kb-gallery-ul.kb-gallery-type-fluidcarousel .kt-blocks-carousel figure .kb-gal-image-radius img{height:350px;}.kb-gallery-id-27_3c605d-80 .kadence-blocks-gallery-item .kb-gal-image-radius, .kb-gallery-id-27_3c605d-80 .kb-slide-item .kb-gal-image-radius img{border-radius:0px 0px 0px 0px;;}<\/style><div class=\"kb-gallery-wrap-id-27_3c605d-80 alignnone wp-block-kadence-advancedgallery\"><div class=\"kb-gallery-ul kb-gallery-non-static kb-gallery-type-fluidcarousel kb-gallery-id-27_3c605d-80 kb-gallery-caption-style-bottom-hover kb-gallery-filter-none\" data-image-filter=\"none\" data-lightbox-caption=\"true\"><div class=\"kt-blocks-carousel kt-carousel-container-dotstyle-dark\"><div class=\"kt-blocks-carousel-init kb-blocks-fluid-carousel kt-carousel-arrowstyle-whiteondark kt-carousel-dotstyle-dark\" data-slider-anim-speed=\"400\" data-slider-scroll=\"1\" data-slider-arrows=\"true\" data-slider-dots=\"true\" data-slider-hover-pause=\"false\" data-slider-auto=\"\" data-slider-speed=\"7000\" data-slider-type=\"fluidcarousel\" data-slider-center-mode=\"true\" data-slider-gap=\"4px\" data-slider-gap-tablet=\"4px\" data-slider-gap-mobile=\"4px\"><div class=\"kb-slide-item kb-gallery-carousel-item\"><div class=\"kadence-blocks-gallery-item\"><div class=\"kadence-blocks-gallery-item-inner\"><figure class=\"kb-gallery-figure kb-gallery-item-has-link kadence-blocks-gallery-item-hide-caption\" \"><a href=\"http:\/\/localhost\/songesdevigne\/wp-content\/uploads\/2023\/04\/chambre_automne_12.jpg\" class=\"kb-gallery-item-link\"  ><div class=\"kb-gal-image-radius\"><div class=\"kb-gallery-image-contain\" ><img loading=\"lazy\" decoding=\"async\" src=\"http:\/\/localhost\/songesdevigne\/wp-content\/uploads\/2023\/04\/chambre_automne_12.jpg\" width=\"1024\" height=\"681\" alt=\"Chambre Songe Nuit d&#039;automne\" data-full-image=\"http:\/\/localhost\/songesdevigne\/wp-content\/uploads\/2023\/04\/chambre_automne_12.jpg\" data-light-image=\"http:\/\/localhost\/songesdevigne\/wp-content\/uploads\/2023\/04\/chambre_automne_12.jpg\" data-id=\"2101\" class=\"wp-image-2101 skip-lazy\" srcset=\"https:\/\/songesdevigne.com\/wp-content\/uploads\/2023\/04\/chambre_automne_12.jpg 1024w, https:\/\/songesdevigne.com\/wp-content\/uploads\/2023\/04\/chambre_automne_12-300x200.jpg 300w, https:\/\/songesdevigne.com\/wp-content\/uploads\/2023\/04\/chambre_automne_12-768x511.jpg 768w\" sizes=\"auto, (max-width: 1024px) 100vw, 1024px\" \/><\/div><\/div><\/a><\/figure><\/div><\/div><\/div><div class=\"kb-slide-item kb-gallery-carousel-item\"><div class=\"kadence-blocks-gallery-item\"><div class=\"kadence-blocks-gallery-item-inner\"><figure class=\"kb-gallery-figure kb-gallery-item-has-link kadence-blocks-gallery-item-hide-caption\" \"><a href=\"http:\/\/localhost\/songesdevigne\/wp-content\/uploads\/2022\/10\/chambre_automne_4_gf.jpg\" class=\"kb-gallery-item-link\"  ><div class=\"kb-gal-image-radius\"><div class=\"kb-gallery-image-contain\" ><img loading=\"lazy\" decoding=\"async\" src=\"http:\/\/localhost\/songesdevigne\/wp-content\/uploads\/2022\/10\/chambre_automne_4_gf-758x1024.jpg\" width=\"758\" height=\"1024\" alt=\"Songe nuit d&#039;automne, salle de bain\" data-full-image=\"http:\/\/localhost\/songesdevigne\/wp-content\/uploads\/2022\/10\/chambre_automne_4_gf.jpg\" data-light-image=\"http:\/\/localhost\/songesdevigne\/wp-content\/uploads\/2022\/10\/chambre_automne_4_gf.jpg\" data-id=\"1606\" class=\"wp-image-1606 skip-lazy\" srcset=\"https:\/\/songesdevigne.com\/wp-content\/uploads\/2022\/10\/chambre_automne_4_gf-758x1024.jpg 758w, https:\/\/songesdevigne.com\/wp-content\/uploads\/2022\/10\/chambre_automne_4_gf-222x300.jpg 222w, https:\/\/songesdevigne.com\/wp-content\/uploads\/2022\/10\/chambre_automne_4_gf-768x1037.jpg 768w, https:\/\/songesdevigne.com\/wp-content\/uploads\/2022\/10\/chambre_automne_4_gf-600x810.jpg 600w, https:\/\/songesdevigne.com\/wp-content\/uploads\/2022\/10\/chambre_automne_4_gf.jpg 1024w\" sizes=\"auto, (max-width: 758px) 100vw, 758px\" \/><\/div><\/div><\/a><\/figure><\/div><\/div><\/div><div class=\"kb-slide-item kb-gallery-carousel-item\"><div class=\"kadence-blocks-gallery-item\"><div class=\"kadence-blocks-gallery-item-inner\"><figure class=\"kb-gallery-figure kb-gallery-item-has-link kadence-blocks-gallery-item-hide-caption\" \"><a href=\"http:\/\/localhost\/songesdevigne\/wp-content\/uploads\/2022\/10\/chambre_automne_2_gf.jpg\" class=\"kb-gallery-item-link\"  ><div class=\"kb-gal-image-radius\"><div class=\"kb-gallery-image-contain\" ><img loading=\"lazy\" decoding=\"async\" src=\"http:\/\/localhost\/songesdevigne\/wp-content\/uploads\/2022\/10\/chambre_automne_2_gf.jpg\" width=\"1024\" height=\"710\" alt=\"Chambre Songe nuit d&#039;automne\" data-full-image=\"http:\/\/localhost\/songesdevigne\/wp-content\/uploads\/2022\/10\/chambre_automne_2_gf.jpg\" data-light-image=\"http:\/\/localhost\/songesdevigne\/wp-content\/uploads\/2022\/10\/chambre_automne_2_gf.jpg\" data-id=\"1604\" class=\"wp-image-1604 skip-lazy\" srcset=\"https:\/\/songesdevigne.com\/wp-content\/uploads\/2022\/10\/chambre_automne_2_gf.jpg 1024w, https:\/\/songesdevigne.com\/wp-content\/uploads\/2022\/10\/chambre_automne_2_gf-300x208.jpg 300w, https:\/\/songesdevigne.com\/wp-content\/uploads\/2022\/10\/chambre_automne_2_gf-768x533.jpg 768w, https:\/\/songesdevigne.com\/wp-content\/uploads\/2022\/10\/chambre_automne_2_gf-600x416.jpg 600w\" sizes=\"auto, (max-width: 1024px) 100vw, 1024px\" \/><\/div><\/div><\/a><\/figure><\/div><\/div><\/div><div class=\"kb-slide-item kb-gallery-carousel-item\"><div class=\"kadence-blocks-gallery-item\"><div class=\"kadence-blocks-gallery-item-inner\"><figure class=\"kb-gallery-figure kb-gallery-item-has-link kadence-blocks-gallery-item-hide-caption\" \"><a href=\"http:\/\/localhost\/songesdevigne\/wp-content\/uploads\/2022\/10\/chambre_automne_5_gf.jpg\" class=\"kb-gallery-item-link\"  ><div class=\"kb-gal-image-radius\"><div class=\"kb-gallery-image-contain\" ><img loading=\"lazy\" decoding=\"async\" src=\"http:\/\/localhost\/songesdevigne\/wp-content\/uploads\/2022\/10\/chambre_automne_5_gf.jpg\" width=\"1024\" height=\"711\" alt=\"Songe nuit d&#039;automne, salle de bain\" data-full-image=\"http:\/\/localhost\/songesdevigne\/wp-content\/uploads\/2022\/10\/chambre_automne_5_gf.jpg\" data-light-image=\"http:\/\/localhost\/songesdevigne\/wp-content\/uploads\/2022\/10\/chambre_automne_5_gf.jpg\" data-id=\"1607\" class=\"wp-image-1607 skip-lazy\" srcset=\"https:\/\/songesdevigne.com\/wp-content\/uploads\/2022\/10\/chambre_automne_5_gf.jpg 1024w, https:\/\/songesdevigne.com\/wp-content\/uploads\/2022\/10\/chambre_automne_5_gf-300x208.jpg 300w, https:\/\/songesdevigne.com\/wp-content\/uploads\/2022\/10\/chambre_automne_5_gf-768x533.jpg 768w, https:\/\/songesdevigne.com\/wp-content\/uploads\/2022\/10\/chambre_automne_5_gf-600x417.jpg 600w\" sizes=\"auto, (max-width: 1024px) 100vw, 1024px\" \/><\/div><\/div><\/a><\/figure><\/div><\/div><\/div><div class=\"kb-slide-item kb-gallery-carousel-item\"><div class=\"kadence-blocks-gallery-item\"><div class=\"kadence-blocks-gallery-item-inner\"><figure class=\"kb-gallery-figure kb-gallery-item-has-link kadence-blocks-gallery-item-hide-caption\" \"><a href=\"http:\/\/localhost\/songesdevigne\/wp-content\/uploads\/2023\/04\/chambre_automne_11.jpg\" class=\"kb-gallery-item-link\"  ><div class=\"kb-gal-image-radius\"><div class=\"kb-gallery-image-contain\" ><img loading=\"lazy\" decoding=\"async\" src=\"http:\/\/localhost\/songesdevigne\/wp-content\/uploads\/2023\/04\/chambre_automne_11.jpg\" width=\"1024\" height=\"681\" alt=\"Chambre Songe Nuit d&#039;automne, salle de bain\" data-full-image=\"http:\/\/localhost\/songesdevigne\/wp-content\/uploads\/2023\/04\/chambre_automne_11.jpg\" data-light-image=\"http:\/\/localhost\/songesdevigne\/wp-content\/uploads\/2023\/04\/chambre_automne_11.jpg\" data-id=\"2100\" class=\"wp-image-2100 skip-lazy\" srcset=\"https:\/\/songesdevigne.com\/wp-content\/uploads\/2023\/04\/chambre_automne_11.jpg 1024w, https:\/\/songesdevigne.com\/wp-content\/uploads\/2023\/04\/chambre_automne_11-300x200.jpg 300w, https:\/\/songesdevigne.com\/wp-content\/uploads\/2023\/04\/chambre_automne_11-768x511.jpg 768w\" sizes=\"auto, (max-width: 1024px) 100vw, 1024px\" \/><\/div><\/div><\/a><\/figure><\/div><\/div><\/div><\/div><\/div><\/div><\/div><\/div><\/div>\n\n<\/div><\/div>\n\n\n<div class=\"wp-block-columns is-layout-flex wp-container-core-columns-is-layout-9d6595d7 wp-block-columns-is-layout-flex\">\n<div class=\"wp-block-column is-layout-flow wp-block-column-is-layout-flow\" style=\"flex-basis:66.66%\"><style>.wp-block-kadence-column.kb-section-dir-horizontal > .kt-inside-inner-col > .kt-info-box27_91b3bb-62{max-width:552px;}.wp-block-kadence-column.kb-section-dir-horizontal > .kt-inside-inner-col > .kt-info-box27_91b3bb-62 .kt-blocks-info-box-link-wrap{max-width:unset;}.kt-info-box27_91b3bb-62 .kt-blocks-info-box-link-wrap{border-top-left-radius:0px;border-top-right-radius:0px;border-bottom-right-radius:0px;border-bottom-left-radius:0px;background:var(--global-palette9, #ffffff);max-width:552px;padding-top:15px;padding-right:15px;padding-bottom:15px;padding-left:15px;}.kt-info-box27_91b3bb-62 .kt-blocks-info-box-link-wrap:hover{background:#ffffff;}.kt-info-box27_91b3bb-62 .kadence-info-box-icon-container .kt-info-svg-icon, .kt-info-box27_91b3bb-62 .kt-info-svg-icon-flip, .kt-info-box27_91b3bb-62 .kt-blocks-info-box-number{font-size:40px;}.kt-info-box27_91b3bb-62 .kt-blocks-info-box-media{color:var(--global-palette1, #3182CE);background:#ffffff;border-color:var(--global-palette9, #ffffff);border-radius:173px;overflow:hidden;border-top-width:0px;border-right-width:0px;border-bottom-width:0px;border-left-width:0px;padding-top:13px;padding-right:13px;padding-bottom:13px;padding-left:13px;margin-top:0px;margin-right:20px;margin-bottom:0px;margin-left:0px;}.kt-info-box27_91b3bb-62 .kt-blocks-info-box-media .kadence-info-box-image-intrisic img{border-radius:173px;}.kt-info-box27_91b3bb-62 .kt-blocks-info-box-link-wrap:hover .kt-blocks-info-box-media{color:#444444;background:#ffffff;border-color:#eeeeee;}.kt-info-box27_91b3bb-62 .kt-infobox-textcontent h5.kt-blocks-info-box-title{padding-top:0px;padding-right:0px;padding-bottom:0px;padding-left:0px;margin-top:5px;margin-right:0px;margin-bottom:10px;margin-left:0px;}.kt-info-box27_91b3bb-62 .kt-infobox-textcontent .kt-blocks-info-box-text{color:var(--global-palette6, #718096);}.wp-block-kadence-infobox.kt-info-box27_91b3bb-62 .kt-blocks-info-box-text{font-size:14px;text-transform:none;padding-top:13px;padding-right:13px;padding-bottom:13px;padding-left:13px;}.kt-info-box27_91b3bb-62 .kt-blocks-info-box-learnmore{color:#f81515;background:transparent;border-color:#555555;border-width:0px 0px 0px 0px;padding-top:4px;padding-right:8px;padding-bottom:4px;padding-left:8px;margin-top:10px;margin-right:0px;margin-bottom:10px;margin-left:0px;}.kt-info-box27_91b3bb-62 .kt-blocks-info-box-link-wrap:hover .kt-blocks-info-box-learnmore,.kt-info-box27_91b3bb-62 .kt-blocks-info-box-link-wrap .kt-blocks-info-box-learnmore:focus{color:#ffffff;background:#444444;border-color:#444444;}<\/style>\n<div class=\"wp-block-kadence-infobox kt-info-box27_91b3bb-62\"><span class=\"kt-blocks-info-box-link-wrap info-box-link kt-blocks-info-box-media-align-left kt-info-halign-left\"><div class=\"kt-blocks-info-box-media-container\"><div class=\"kt-blocks-info-box-media kt-info-media-animate-none\"><div class=\"kadence-info-box-icon-container kt-info-icon-animate-none\"><div class=\"kadence-info-box-icon-inner-container\"><span class=\"kb-svg-icon-wrap kb-svg-icon-fas_leaf kt-info-svg-icon\"><svg viewBox=\"0 0 576 512\"  fill=\"currentColor\" xmlns=\"http:\/\/www.w3.org\/2000\/svg\"  aria-hidden=\"true\"><path d=\"M546.2 9.7c-5.6-12.5-21.6-13-28.3-1.2C486.9 62.4 431.4 96 368 96h-80C182 96 96 182 96 288c0 7 .8 13.7 1.5 20.5C161.3 262.8 253.4 224 384 224c8.8 0 16 7.2 16 16s-7.2 16-16 16C132.6 256 26 410.1 2.4 468c-6.6 16.3 1.2 34.9 17.5 41.6 16.4 6.8 35-1.1 41.8-17.3 1.5-3.6 20.9-47.9 71.9-90.6 32.4 43.9 94 85.8 174.9 77.2C465.5 467.5 576 326.7 576 154.3c0-50.2-10.8-102.2-29.8-144.6z\"\/><\/svg><\/span><\/div><\/div><\/div><\/div><div class=\"kt-infobox-textcontent\"><p class=\"kt-blocks-info-box-text\"><br><strong>POUR 2 PERSONNES<br>PETIT D\u00c9JEUNER INCLUS<\/strong><br><strong>TARIF: 127 \u20ac<\/strong><br><br>Le jour de votre arriv\u00e9e, l&rsquo;enregistrement se fait <strong>\u00e0 partir de 17h<\/strong> et le jour de votre d\u00e9part la chambre doit \u00eatre <strong>lib\u00e9r\u00e9e pour 11h<\/strong>.<\/p><\/div><\/span><\/div>\n<\/div>\n\n\n\n<div class=\"wp-block-column is-layout-flow wp-block-column-is-layout-flow\" style=\"flex-basis:33.33%\">\n<h6 class=\"wp-block-heading has-small-font-size\">Dans votre salle de bains privative :<\/h6>\n\n\n\n<ul class=\"wp-block-list\">\n<li class=\"has-small-font-size\">Articles de toilette gratuits<\/li>\n\n\n\n<li class=\"has-small-font-size\">grande douche\u00a0<\/li>\n\n\n\n<li class=\"has-small-font-size\">Toilettes<\/li>\n<\/ul>\n\n\n\n<h6 class=\"wp-block-heading has-small-font-size\">\u00c9quipements :<\/h6>\n\n\n\n<ul class=\"wp-block-list\">\n<li class=\"has-small-font-size\">Linge de maison<\/li>\n\n\n\n<li class=\"has-small-font-size\">Serviettes<\/li>\n\n\n\n<li class=\"has-small-font-size\">S\u00e8che-cheveux<\/li>\n\n\n\n<li class=\"has-small-font-size\">Chauffage<\/li>\n\n\n\n<li class=\"has-small-font-size\">Climatisation<\/li>\n<\/ul>\n<\/div>\n<\/div>\n\n\n\n<p><\/p>\n\n\n\n<div class=\"wp-block-columns is-layout-flex wp-container-core-columns-is-layout-9d6595d7 wp-block-columns-is-layout-flex\"><\/div>\n\n\n\n<p class=\"has-theme-palette-3-color has-text-color\"><\/p>\n","protected":false},"excerpt":{"rendered":"<p>La chambre Songe de nuit d&rsquo;automne Chambre de 30 m\u00b2, tr\u00e8s calme dans un \u00e9crin de bois au rez de chauss\u00e9e avec vue sur cour et beaucoup de charme. Elle a \u00e9t\u00e9 pens\u00e9e dans un esprit de cocon de bois protecteur. Sa moquette au sol accentue le c\u00f4t\u00e9 chaleureux de cette chambre. Elle dispose d\u2019un&#8230;<\/p>\n","protected":false},"author":3,"featured_media":0,"parent":0,"menu_order":0,"comment_status":"closed","ping_status":"closed","template":"","meta":{"_kad_post_transparent":"","_kad_post_title":"","_kad_post_layout":"","_kad_post_sidebar_id":"","_kad_post_content_style":"","_kad_post_vertical_padding":"","_kad_post_feature":"","_kad_post_feature_position":"","_kad_post_header":false,"_kad_post_footer":false,"footnotes":""},"class_list":["post-27","page","type-page","status-publish","hentry"],"_links":{"self":[{"href":"https:\/\/songesdevigne.com\/index.php\/wp-json\/wp\/v2\/pages\/27","targetHints":{"allow":["GET"]}}],"collection":[{"href":"https:\/\/songesdevigne.com\/index.php\/wp-json\/wp\/v2\/pages"}],"about":[{"href":"https:\/\/songesdevigne.com\/index.php\/wp-json\/wp\/v2\/types\/page"}],"author":[{"embeddable":true,"href":"https:\/\/songesdevigne.com\/index.php\/wp-json\/wp\/v2\/users\/3"}],"replies":[{"embeddable":true,"href":"https:\/\/songesdevigne.com\/index.php\/wp-json\/wp\/v2\/comments?post=27"}],"version-history":[{"count":12,"href":"https:\/\/songesdevigne.com\/index.php\/wp-json\/wp\/v2\/pages\/27\/revisions"}],"predecessor-version":[{"id":2257,"href":"https:\/\/songesdevigne.com\/index.php\/wp-json\/wp\/v2\/pages\/27\/revisions\/2257"}],"wp:attachment":[{"href":"https:\/\/songesdevigne.com\/index.php\/wp-json\/wp\/v2\/media?parent=27"}],"curies":[{"name":"wp","href":"https:\/\/api.w.org\/{rel}","templated":true}]}}